?
-13031233223
In base 8, what is 100714 + -10134?
70560
In base 16, what is -12 + -1cd53?
-1cd65
In base 13, what is 14 - 6179bc?
-6179a8
In base 14, what is -5 + 7dc3215?
7dc3210
In base 3, what is -201021011120010 - -2?
-201021011120001
In base 16, what is -ce2fb - 79?
-ce374
In base 2, what is 1 - -100010010110111010110000?
100010010110111010110001
In base 2, what is 11 - 111010001000000111100?
-111010001000000111001
In base 13, what is 5b0 - -1472b4?
147894
In base 9, what is -4 + 1274800?
1274785
In base 12, what is 597b42 + 5?
597b47
In base 6, what is -45123 + -54032?
-143155
In base 10, what is -1898315 - -5?
-1898310
In base 3, what is -21122122122 + 220021?
-21121202101
In base 3, what is -1001 - -220011021112102?
220011021111101
In base 15, what is -6c - 16754a?
-1675b7
In base 16, what is -f6a - -cf89?
c01f
In base 8, what is -70 + 2153470?
2153400
In base 10, what is 90 - 1013840?
-1013750
In base 3, what is -1012110000 - 200012202?
-1212122202
In base 7, what is 31 + 102413312?
102413343
In base 14, what is -1d + 316975?
316956
In base 8, what is -33471305 - 4?
-33471311
In base 15, what is 1a8 - -a977?
ab30
In base 13, what is 6c9952 + a?
6c995c
In base 10, what is -3 + -11396922?
-11396925
In base 13, what is 2625 - -143?
2768
In base 13, what is -77 - -452a6a?
4529c3
In base 10, what is 957 - 856518?
-855561
In base 15, what is -1 + -3a5436?
-3a5437
In base 15, what is -1 + 723b9b0?
723b9ae
In base 15, what is 43 - -17082a8?
17082eb
In base 5, what is -12023134 + 21030?
-12002104
In base 14, what is 4 - -87ca677?
87ca67b
In base 7, what is 4 + -3235445012?
-3235445005
In base 15, what is -26999eb - 11?
-2699a0c
In base 9, what is 145746 + -30?
145716
In base 4, what is 1330323331 + 11?
1330330002
In base 3, what is 10 + -10221011122021110?
-10221011122021100
In base 16, what is -25 - -68a9e?
68a79
In base 16, what is -30530 - 15?
-30545
In base 15, what is -b - 1aac952?
-1aac95d
In base 14, what is 3 + 25b386?
25b389
In base 12, what is 4a515 + 20a?
4a723
In base 16, what is f35855f + 0?
f35855f
In base 7, what is 53524306 - 52?
53524224
In base 10, what is 510674 - 268?
510406
In base 5, what is 0 + 2203240341?
2203240341
In base 11, what is -24 - -573091?
573068
In base 11, what is 2 - 12a2aa142?
-12a2aa140
In base 2, what is -101 - 11011001110100110010100011000?
-11011001110100110010100011101
In base 8, what is -2655 - -1126234?
1123357
In base 9, what is -285132 - -66?
-285055
In base 13, what is -25 + b2729?
b2704
In base 3, what is -222001 + 11120100?
10121022
In base 15, what is 226 + -3bce?
-39a8
In base 11, what is 66499 + -412?
66087
In base 15, what is 47bc90 + 3?
47bc93
In base 8, what is -37533 + 245530?
205775
In base 8, what is 12411 + 34341?
46752
In base 7, what is 143 + -3504?
-3331
In base 13, what is -1 - 1536ac84?
-1536ac85
In base 5, what is 144 - -10304110031?
10304110230
In base 7, what is -15156 + -152424?
-200613
In base 15, what is -155c4 + 3a?
-15589
In base 11, what is 5 - -984335?
98433a
In base 3, what is -120112022 - -1112121121?
222002022
In base 10, what is 9 - 4218249?
-4218240
In base 2, what is 1110 + 1011101110001111111?
1011101110010001101
In base 4, what is -2 + 33210202013?
33210202011
In base 7, what is -20003345 - -434?
-20002611
In base 6, what is -15515210 + -12?
-15515222
In base 13, what is -40 - -381b92?
381b52
In base 3, what is 211011020200 - -2201?
211011100101
In base 14, what is 2221b80 + c?
2221b8c
In base 14, what is b63 + 83b0?
9133
In base 10, what is -3783327 + 16?
-3783311
In base 6, what is -102431243232 + -3?
-102431243235
In base 4, what is -1002123130211 - 3?
-1002123130220
In base 2, what is -1010101100101100010010111 - 1100?
-1010101100101100010100011
In base 8, what is 65012132 - -11?
65012143
In base 12, what is 1051b54 + 3?
1051b57
In base 7, what is 315 - 665663?
-665345
In base 4, what is 10312 + -10030?
222
In base 10, what is 1369122 + 19?
1369141
In base 14, what is 7 - -608ca9a?
608caa3
In base 9, what is 3845173 + -1?
3845172
In base 10, what is -12 - 171069?
-171081
In base 2, what is 101101110101 + 10011100110000?
11001010100101
In base 6, what is 2502312 - -144?
2502500
In base 3, what is 210222200102 - -11?
210222200120
In base 6, what is 5552023113 + -2?
5552023111
In base 13, what is -6bc016 - 13?
-6bc029
In base 16, what is -686 + -7fdb?
-8661
In base 11, what is -444710 - 30?
-444740
In base 5, what is -4 + 3010002133?
3010002124
In base 7, what is 41 - 516425?
-516354
In base 8, what is 35502317 + -52?
35502245
In base 14, what is 28b17643 + 1?
28b17644
In base 10, what is -31 - 229736?
-229767
In base 16, what is -5b9 - -2d56?
279d
In base 8, what is 1 + 116324153?
116324154
In base 13, what is 8 - 5679ba8?
-5679ba0
In base 8, what is -2563 - 423106?
-425671
In base 15, what is 117 - 43ad4?
-439bc
In base 11, what is -7 + 82a6a1?
82a695
In base 2, what is 111 + -1001000101001000110111?
-1001000101001000110000
In base 14, what is 5 + 319a3d?
319a44
In base 5, what is -1123044322 - -3?
-1123044314
In base 14, what is -1b2 - -27545?
27373
In base 11, what is a4562688 + -5?
a4562683
In base 15, what is 4 + -132cd605?
-132cd601
In base 6, what is 251044241 + -2?
251044235
In base 16, what is 18fb - 1211?
6ea
In base 14, what is -5 + 1d6319?
1d6314
In base 4, what is -22233120213 + -10?
-22233120223
In base 2, what is -101 - 11111110011011000000011100?
-11111110011011000000100001
In base 14, what is 24cd5 - 7?
24ccc
In base 9, what is 2474416 - 3?
2474413
In base 9, what is -36552 + 415?
-36136
In base 15, what is 8b17 + -b?
8b0b
In base 8, what is 3640 - 734751?
-731111
In base 15, what is b6ad + -7?
b6a6
In base 11, what is -4 + -3402057?
-3402060
In base 3, what is 1202222201201110 - -12?
1202222201201122
In base 8, what is -1064156657 - 0?
-1064156657
In base 8, what is -15 + -3757010?
-3757025
In base 10, what is 4 + -39829033?
-39829029
In base 7, what is -41616 - 5356?
-50305
In base 13, what is 129a23c3 + 2?
129a23c5
In base 4, what is -200 - 211010212?
-211011012
In base 4, what is -2 + -113302210003?
-113302210011
In base 6, what is -4 + -513251455?
-513251503
In base 12, what is -3a5 + -13b608?
-13b9b1
In base 13, what is 87841 - 964?
86baa
In base 3, what is 111220 + 221020202112?
221021021102
In base 2, what is 101001011000110 + -1001110011100?
11111100101010
In base 8, what is -3 + 15274234?
15274231
In base 16, what is -3 + 4cea89?
4cea86
In base 4, what is 13021113 - -201313?
13223032
In base 12, what is -743a - -31716?
26298
In base 10, what is 93 - 11842542?
-11842449
In base 11, what is 357891 + a65?
358846
In base 4, what is 1221 + 3101222123?
3101230010
In base 7, what is -11115 - -34632?
23514
In base 7, what is 6 - 5104400?
-5104361
In base 15, what is 15 - -346a3b?
346a51
In base 7, what is 5 + 1251610?
1251615
In base 2, what is 1001100100000 - -10111011110100?
100001000010100
In base 3, what is -1101210 - -12020200210?
12012022000
In base 8, what is 2140 - 313012?
-310652
In base 10, what is -10 + 350021?
350011
In base 12, what is -bab102a2 + 4?
-bab1029a
In base 15, what is 1c950 - e8?
1c857
In base 6, what is -425000514 + 2?
-425000512
In base 9, what is -1134148 - -204?
-1133844
In base 3, what is -21102221011201221 - -11?
-21102221011201210
In base 14, what is 1b - 774099?
-77407c
In base 16, what is 29b0d + 24?
29b31
In base 16, what is -45b5 + -127?
-46dc
In base 14, what is -50d01 - cc?
-50dcd
In base 16, what is 6a8 - -45b9?
4c61
In base 10, what is -41695 + -30?
-41725
In base 8, what is -3 + -43014660?
-43014663
In base 12, what is -369 - -138a17?
13866a
In base 12, what is -101 - 4801?
-4902
In base 8, what is -11 - 33106727?
-33106740
In base 8, what is -17722 + 633?
-17067
In base 6, what is -213 + -500502412?
-500503025
In base 13, what is -267 + 8ac32?
8a998
In base 2, what is 11110 - 10111101001011100?
-10111101000111110
In base 4, what is 1 - 1010120002?
-1010120001
In base 9, what is -188 + -2074018?
-2074217
In base 12, what is 14a - -4136?
4284
In base 11, what is -24884 - -188?
-246a7
In base 10, what is 6 - 7135383?
-7135377
In base 9, what is -506626187 + -3?
-506626201
In base 11, what is -9190 + -590?
-9770
In base 2, what is -1000010011110001111010 - 110001?
-1000010011110010101011
In base 1